umber?
True
Is 409207303 a prime number?
False
Is 20241116617 a composite number?
True
Is 1264051069 prime?
False
Is 26519427107 prime?
False
Is 163767389021 composite?
False
Is 279191219 composite?
False
Is 1181267903 a prime number?
True
Is 2589587087 a prime number?
True
Is 4739440103 prime?
True
Is 11595606335 composite?
True
Is 6405583409 a prime number?
True
Is 1228361759 a composite number?
True
Is 2012511763 a composite number?
True
Is 2797015267 composite?
True
Is 988839409 prime?
True
Is 27012349261 a prime number?
True
Is 90043077 a composite number?
True
Is 33490558111 prime?
False
Is 662461549 a composite number?
False
Is 863078687 a composite number?
True
Is 14138275391 a composite number?
False
Is 96609329 composite?
True
Is 149331859411 composite?
True
Is 324120103 composite?
True
Is 1352264627 composite?
True
Is 2281352203 composite?
True
Is 731409001 composite?
False
Is 8562025007 composite?
False
Is 77209703 a composite number?
False
Is 814466867 composite?
True
Is 97906420957 a composite number?
False
Is 11792543897 a composite number?
False
Is 3231474661 a prime number?
False
Is 341669147 a prime number?
True
Is 2882276153 prime?
False
Is 5715340417 a prime number?
False
Is 416952071 a composite number?
False
Is 10739389883 prime?
True
Is 4321960879 a prime number?
True
Is 9590505863 a prime number?
True
Is 10902624371 a prime number?
True
Is 13161545413 a composite number?
False
Is 579333947 a composite number?
False
Is 17357248401 prime?
False
Is 4779748429 a composite number?
True
Is 9845385007 a prime number?
True
Is 11757237001 a prime number?
True
Is 2781108329 prime?
True
Is 37258737773 composite?
False
Is 4260593343 a composite number?
True
Is 4521340999 a composite number?
True
Is 116731591 composite?
False
Is 4639330201 a composite number?
True
Is 19979808995 a composite number?
True
Is 4075171453 a prime number?
False
Is 2504392211 a composite number?
False
Is 4082026087 a prime number?
False
Is 4353527557 a composite number?
True
Is 3498062557 a composite number?
True
Is 5272584433 prime?
False
Is 2902470241 a composite number?
True
Is 54110929 a prime number?
True
Is 1466210567 prime?
False
Is 127576217 composite?
False
Is 394687847 prime?
True
Is 33961274273 composite?
False
Is 13803927451 a prime number?
True
Is 477214109 prime?
False
Is 20383113983 a composite number?
False
Is 3589757411 a composite number?
False
Is 19109359551 prime?
False
Is 1091263807 a composite number?
False
Is 1652372189 prime?
False
Is 16025555087 composite?
True
Is 52276399709 composite?
False
Is 3673527397 prime?
True
Is 1208272357 prime?
True
Is 1852405402 a composite number?
True
Is 230348509 prime?
True
Is 925190297 composite?
True
Is 2628181349 a prime number?
False
Is 4993635749 prime?
False
Is 71150503433 a prime number?
True
Is 26031559 composite?
True
Is 1671843281 composite?
False
Is 354681169 a prime number?
True
Is 22536125783 prime?
False
Is 730801697 prime?
False
Is 24969811721 a composite number?
True
Is 10777063705 prime?
False
Is 2653103159 a prime number?
False
Is 239625479 prime?
True
Is 2035005421 a prime number?
True
Is 3180677651 composite?
False
Is 12931656511 a composite number?
False
Is 211678549 a prime number?
True
Is 9102684763 a composite number?
False
Is 244936157 composite?
True
Is 7432398341 prime?
False
Is 4224135067 a composite number?
False
Is 9185905 composite?
True
Is 1449818423 a prime number?
True
Is 1256048947 a composite number?
False
Is 3901162841 prime?
True
Is 48438416419 a prime number?
False
Is 330535643 a prime number?
True
Is 917674837 prime?
True
Is 3056475607 a prime number?
False
Is 35489129797 a composite number?
True
Is 8071446023 composite?
True
Is 195957518149 a composite number?
False
Is 23369667277 a composite number?
True
Is 2381134571 prime?
True
Is 85954915393 prime?
True
Is 291639001 a composite number?
False
Is 1098278737 a prime number?
False
Is 795414758 composite?
True
Is 322393817 prime?
True
Is 228251033 a prime number?
False
Is 1278574483 a composite number?
True
Is 523781183 a prime number?
False
Is 1169827727 composite?
True
Is 10729786857 a composite number?
True
Is 43640882501 a prime number?
True
Is 270521959 composite?
False
Is 4579238197 composite?
True
Is 20420557639 composite?
True
Is 55132739971 prime?
True
Is 6296746663 composite?
False
Is 1097092561 composite?
True
Is 5038975469 prime?
False
Is 1689742003 a composite number?
False
Is 27825224905 prime?
False
Is 4535944291 prime?
False
Is 955964413 a prime number?
True
Is 66102025393 prime?
True
Is 434793133 prime?
True
Is 13406093543 prime?
False
Is 110024446982 prime?
False
Is 3751950583 prime?
True
Is 1237357991 composite?
False
Is 1670716559 prime?
False
Is 100263503 prime?
True
Is 6715617877 prime?
True
Is 5471278781 a composite number?
False
Is 4145903383 composite?
True
Is 179910361 a prime number?
True
Is 19549983727 a composite number?
True
Is 5196767281 a composite number?
True
Is 830715913 a composite number?
False
Is 811394777 composite?
False
Is 9523419053 a prime number?
False
Is 1815202937 a composite number?
False
Is 21477417601 a prime number?
False
Is 1990421879 prime?
True
Is 693878557 a prime number?
True
Is 33807283 a prime number?
True
Is 1977932893 composite?
False
Is 24066829 a prime number?
False
Is 10870369 composite?
False
Is 211124297 a prime number?
True
Is 683696303 prime?
True
Is 280297777 prime?
True
Is 3502468693 a composite number?
False
Is 1614311323 a composite number?
True
Is 2827635331 a composite number?
False
Is 24749244805 prime?
False
Is 20503358719 a prime number?
True
Is 67143155741 a composite number?
False
Is 36254331611 a composite number?
False
Is 11344628993 a composite number?
False
Is 27061194331 prime?
True
Is 97815315911 a prime number?
True
Is 2925640177 composite?
True
Is 66325406269 a prime number?
False
Is 61570754083 a composite number?
False
Is 687871621 a prime number?
True
Is 7152152453 a composite number?
False
Is 2578058383 a prime number?
False
Is 151595581 a prime number?
True
Is 7598642539 a prime number?
False
Is 51337391177 prime?
True
Is 98625862567 composite?
False
Is 8953926845 prime?
False
Is 4595704777 a prime number?
True
Is 654897952289 composite?
True
Is 1573292393 composite?
False
Is 268758937 a prime number?
True
Is 15821387777 a composite number?
True
Is 6905126909 prime?
True
Is 2194442339 prime?
False
Is 3896625827 composite?
True
Is 39091753 a composite number?
True
Is 11795911553 a composite number?
False
Is 145418249 a prime number?
False
Is 85424908157 prime?
True
Is 17925321121 a composite number?
True
Is 2994241513 a prime number?
True
Is 2552723431 prime?
False
Is 7153869167 composite?
True
Is 26996919127 a prime number?
True
Is 15537092143 composite?
False
Is 7873963973 prime?
False
Is 37388723 a prime number?
True
Is 2283295589 a prime number?
False
Is 42403260131 a prime number?
False
Is 896817451 composite?
True
Is 34739104133 a composite number?
False
Is 69379171 a prime number?
True
Is 882244939 composite?
True
Is 7611068341 a prime number?
True
Is 65229318823 composite?
True
Is 1200490147 composite?
False
Is 250666679 prime?
True
Is 166355855 composite?
True
Is 60538610329 composite?
False
Is 1433230741 a composite number?
True
Is 49290814577 a prime number?
False
Is 108966997 prime?
True
Is 335737499 composite?
False
Is 104079504979 composite?
False
Is 5745340889 prime?
False
Is 32782765681 composite?
False
Is 865634581 composite?
True
Is 5726145559 composite?
False
Is 33370711471 a composite number?
False
Is 353985661 prime?
True
Is 45644224003 a prime number?
False
Is 1882207519 a prime number?
False
Is 47675044783 prime?
False
Is 1513640341 composite?
True
Is 1155859423 prime?
True
Is 928379689 a prime number?
False
Is 293807999 a prime number?
False
Is 977913311 composite?
True
Is 1463311463 prime?
True
Is 112022881 prime?
False
Is 2541237289 a prime number?
False
Is 11859902099 composite?
False
Is 85355703547 a composite number?
False
Is 232364071 a prime number?
True
Is 481916671 composite?
False
Is 674431426 composite?
True
Is 1338958213 prime?
False
Is 3442620947 a prime number?
True
Is 1728048473 composite?
True
Is 7155957167 prime?
True
Is 24051361 a composite number?
False
Is 9392996999 prime?
T